)?
1
Suppose -4*t = -2*t - 4. Suppose t - 8 = -i. What is the units digit of i?
6
Let j(o) = -o**2 + 5*o + 5. Let s(c) = -54*c**2 - c + 1. Let w be s(1). Let p be (-2)/(-9) - 258/w. What is the units digit of j(p)?
5
What is the units digit of -1 - -21 - (1 + -1)?
0
Let v be (4 - 1)*4/3. Let s = 1 + v. What is the units digit of s?
5
Suppose 2*d + 25 = 3*c, 2*d + 3*c = -7 - 24. Let f be 25 + (2 - 0) + 2. Let z = d + f. What is the units digit of z?
5
Let d(b) = b + 6. Let h be d(-5). Let t(u) = 5*u + u - 2*u. What is the units digit of t(h)?
4
Suppose -3*f = 2*o - o - 17, 0 = -5*f - 25. What is the tens digit of o?
3
Let i(k) = -6*k - 2 + 7*k - 1. What is the units digit of i(4)?
1
Suppose 4*i - 2*i = 16. Let w = -18 - -22. Suppose -4*m + i = w*r, m + r = 4*r - 2. What is the units digit of m?
1
Suppose -5*x - 26 - 44 = 0. Let k = 3 - x. Suppose 3*v - 1 = k. What is the units digit of v?
6
Suppose -2*k - 2*t = 2*t - 16, 0 = -5*t + 15. Suppose k*w + 8 = -0*w. What is the units digit of (-344)/(-44) - w/22?
8
Let k be (0 + -4)*69/(-12). Suppose -s = 4*n - k, s + 41 = 3*s + 3*n. What is the units digit of s?
9
Let x = 24 + -7. What is the tens digit of x?
1
Suppose 7*q = 8*q - 84. What is the tens digit of q?
8
Suppose -39 = -3*k + 2*k. What is the tens digit of k?
3
Suppose -h + 29 = 6. Let b = 34 - h. What is the units digit of b?
1
Suppose 3*c + c - 2*g = -198, -5*c + 3*g = 249. What is the units digit of c/(-20)*10/4?
6
Suppose 0*n - 3*n - 9 = 0. Let y be n/9*4*-3. Suppose 45 = y*i + 3*h, 5*i - 3*i - 4*h - 6 = 0. What is the units digit of i?
9
Suppose 2*z + 2*i + 103 = 3*z, i - 493 = -5*z. Suppose 22 = f + 2*r, 3*f + 4*r + 25 = z. What is the units digit of f?
0
Let d be (-10)/(-14) + (-4)/(-14). Suppose 4*s - d = 7. What is the units digit of s?
2
Suppose -2*q + 7 = y - 1, -2*y - 2 = -2*q. Suppose 17 = -4*t - 5*b, 4*b - y*b + 14 = 2*t. Let m = -1 + t. What is the units digit of m?
1
Let l(j) = 2*j**3 - j**2 + j + 3. Let y be l(3). Suppose g - 18 = -m, g = 2*m - 0*m - y. What is the units digit of m?
3
Let f be 3/(-2)*2*-1. Let z(c) = c**3 - 3*c**2 + c - 1. Let v be z(f). Suppose v - 6 = -h. What is the units digit of h?
4
Suppose 0*d + d = -2*n + 71, 3*d - 5*n - 213 = 0. What is the tens digit of d?
7
Suppose -28 = -5*h + 22. Let z be (-7 + 2)/(-1) - -1. Suppose 4*d - d = 4*r - h, -d = -4*r + z. What is the units digit of r?
1
What is the hundreds digit of (8 + -9)*(-210 + 2 + 0)?
2
Suppose 4*u - 91 = 21. What is the tens digit of u?
2
Let r(u) = -u + 13. Suppose 4*m + 0*m = 0. What is the units digit of r(m)?
3
Let j(k) = -19*k + 10. What is the tens digit of j(-7)?
4
Let x = 20 - 13. Suppose 0 = x*d - 2*d - 65. What is the units digit of d?
3
Let t(w) = 3*w + 2*w - 4*w. Let p be t(-4). What is the units digit of (-1 - 9/6)*p?
0
Let y(p) = -6*p + 3. Let j(g) = -2*g - 3. Let u be j(-3). Let a(f) = 7*f - 4. Let q(c) = u*a(c) + 4*y(c). What is the tens digit of q(-6)?
1
What is the units digit of (-10 + -149)/((-3)/2)?
6
Suppose -108 = 4*l - 0*l. Let g = l - -65. What is the units digit of g?
8
Suppose 2*i - 131 = -p, 0*p + 2*p - 2 = 0. What is the tens digit of i?
6
Let z(j) = j**3 - 8*j**2 - 10. Let o be z(8). Let a be 16/o - 4/10. Let w(m) = -2*m**3 - 2*m**2 - 1. What is the units digit of w(a)?
7
Suppose 2*z + j = 102, 2*j + 264 = -3*z + 8*z. What is the units digit of z?
2
Let a be (100/15)/((-2)/15). Let h = -11 - a. What is the units digit of h?
9
Let n(a) = -a**2 - 14*a - 2. What is the tens digit of n(-8)?
4
What is the tens digit of 176 + 15/6*(-8)/10?
7
Suppose 0 = d + 4*i + 7, -5 + 14 = -3*i. Suppose -96 = -d*m - 2*l, -5*l - 30 = 2*m - 3*m. What is the units digit of m?
0
Suppose 0 = -2*w + 30 - 10. Let u = -6 + w. What is the units digit of u?
4
Let l(w) = -w**3 - w**2 + w + 1. Let p(a) = -5*a**3 + 4*a**2 + 13*a. Let y(m) = -6*l(m) + p(m). What is the tens digit of y(-9)?
1
Let p(n) = n - 1. Let d(m) = 2*m**2 + 3*m + 4. Let b(a) = -3*a**2 - 3*a - 4. Let l(h) = -4*b(h) - 5*d(h). Let z be l(3). What is the units digit of p(z)?
4
Suppose i = q - 4*i + 11, 0 = -4*q - 5*i + 81. What is the tens digit of q?
1
Let m(q) = -2*q - 4. What is the units digit of m(-5)?
6
Suppose 3*b + b = 3*f + 160, 0 = 2*b - 4*f - 70. What is the tens digit of b?
4
Let h(z) = -102*z - 2. Let v be h(1). Let x = 155 + v. What is the tens digit of x?
5
Let l(p) = -p**3 + 9*p**2 + 2*p - 11. Let t be l(9). Let a = 32 + -20. Let j = a - t. What is the units digit of j?
5
Let k = 144 + -6. What is the units digit of k?
8
Suppose -3*o - 7 = -3*n + 11, n = -o. Let t = 5 + o. What is the units digit of t?
2
Suppose 0 = 5*b - 3*a - a - 13, -4*b = 4*a - 32. Suppose -4*r - r - b*j + 5 = 0, 0 = 3*r + 5*j + 1. What is the units digit of r?
3
Let l = 101 + -71. What is the tens digit of l?
3
Let y(c) = 5*c**2 - 5*c + 2. What is the units digit of y(3)?
2
Suppose -4*g - 2*w + 408 = 0, 6*w = -4*g + 5*w + 412. What is the hundreds digit of g?
1
Suppose -5*f - d - 18 = 0, -4*d - 30 = 5*f + d. What is the units digit of (-13)/f - 1/3?
4
Let x(p) = 25*p**2 + p. What is the tens digit of x(1)?
2
What is the tens digit of 7*40/(-28)*-9?
9
Let k be 4/((-20)/(-3))*-5. What is the tens digit of k/4 + (-129)/(-12)?
1
Suppose 53 = 5*i - 37. What is the units digit of i?
8
Suppose -11 - 8 = -3*p - o, -4*p + 5*o = -19. Let h(n) = n**2 - 4*n - 5. Let w be h(p). Let m(j) = j + 3. What is the units digit of m(w)?
0
Suppose 0 = -3*u - 0*u - 5*p + 324, u - 4*p - 108 = 0. What is the units digit of u?
8
Suppose -3*j + 5*c = -j - 38, -2*c = 5*j - 66. What is the units digit of j?
4
Let u be (1 - 7)*(-3)/(-2). Let x = 23 + u. What is the tens digit of x?
1
Let h = -4 - -80. Let x = -54 + h. Suppose 2*m = 3*m - x. What is the tens digit of m?
2
Suppose 0*k - 3*k + 141 = 0. What is the units digit of k?
7
Let g = 4 + -4. Let p be 4*((-3)/(-4) + g). Suppose -l + 1 + p = 0. What is the units digit of l?
4
Let h(l) = -4*l**3 + 5*l**2 - 7*l - 2. Let k(g) = 11*g**3 - 15*g**2 + 20*g + 6. Let f(q) = 8*h(q) + 3*k(q). What is the tens digit of f(5)?
2
Let g(h) = -23*h**3 + 3*h**2 + 4*h + 6. What is the units digit of g(-2)?
4
Let a(c) = c**3 + 4*c**2 - 7*c - 6. What is the units digit of a(-4)?
2
Let z be 2/(-11) - 340/(-55). What is the units digit of (z/5)/(2/10)?
6
Let m(b) = b**3 - 3*b**2 - 2. Let j be m(2). Let f = j + 14. What is the units digit of f?
8
Let c = 1 + 1. Suppose 0 = -m - 4*s - 0*s + 14, 5*m + 40 = c*s. What is the tens digit of m/24 - 45/(-4)?
1
Let x(i) = -6*i + 3. Let u be 1 + 0 - 0 - -1. Let j be x(u). Let o = -2 - j. What is the units digit of o?
7
Let o = -1 + 9. What is the units digit of o?
8
Suppose 0*n = 3*n. Let b be (-2)/(-14) + (-54)/(-14). Suppose n = u - 1 + 2, 2*c - b*u = 20. What is the units digit of c?
8
Let k(w) = 2*w - 5. Let v be k(4). Suppose -5 = -v*i + 13. What is the units digit of i?
6
Let c be (5/((-10)/8))/(-2). Suppose c*l = -3*l + 105. What is the units digit of l?
1
Suppose -24*t + 1278 = -21*t. What is the hundreds digit of t?
4
Let v = -94 - -111. What is the units digit of v?
7
Suppose -3*n - n = -8. Suppose r = n*r - 6. Suppose -s = -2*s + r. What is the units digit of s?
6
Suppose 4*f + 12 = 0, -f - f = 4*d - 58. What is the tens digit of d?
1
Let g(r) = r + 1. Let o be g(4). Suppose 0 = -o*i + 4*s - 2*s + 59, i - 2*s = 7. What is the units digit of i?
3
Let p(y) = 9*y + 11. Let u(a) = 5*a + 5. Let v(n) = -3*p(n) + 5*u(n). What is the units digit of v(-6)?
4
Suppose -t = -0*t - 6. Let k(b) be the first derivative of -b**3/3 + 7*b**2/2 + 5*b - 4. What is the units digit of k(t)?
1
Let i(b) = -b**3 - 7*b**2 - 8*b - 8. Let s = 1 + 1. Suppose m + 6 + 3 = 3*t, s*t = 2. What is the units digit of i(m)?
4
Let d(w) = -w + 69. What is the tens digit of d(0)?
6
Let k(c) = c**3 - c**2 + c + 3. Let z be k(0). What is the units digit of 85/z + 8/12?
9
Let a be 8/(-28) - 26/7. Let j = 4 - a. Suppose 7 = p - j. What is the units digit of p?
5
Let u(n) = n**3 + n**2 - n. Suppose 0 = 2*c + 2, 5*c - 7 = -4*z - 0*c. What is the tens digit of u(z)?
3
What is the units digit of 2 + -2 + (91 - (1 - 1))?
1
What is the units digit of 1 - 5 - -4 - -242?
2
Let x(p) = p + 2. Let h(v) = -v**2 + 4*v - 4. Let l be h(5). Let o be x(l). Let g(k) = -k**3 - 8*k**2 - 7*k + 5. What